.
28
Calculate the remainder when 1532 is divided by 1506.
26
Calculate the remainder when 35229 is divided by 65.
64
Calculate the remainder when 159856 is divided by 20.
16
Calculate the remainder when 1776958 is divided by 48.
46
Calculate the remainder when 52022 is divided by 515.
7
What is the remainder when 191235 is divided by 95565?
105
Calculate the remainder when 569 is divided by 48.
41
Calculate the remainder when 60189 is divided by 60.
9
Calculate the remainder when 394398 is divided by 493.
491
Calculate the remainder when 3514687 is divided by 12.
7
What is the remainder when 10728 is divided by 37?
35
Calculate the remainder when 257446 is divided by 24.
22
What is the remainder when 30362 is divided by 30355?
7
What is the remainder when 298140 is divided by 222?
216
What is the remainder when 2977 is divided by 158?
133
Calculate the remainder when 35233 is divided by 5.
3
What is the remainder when 1879 is divided by 936?
7
Calculate the remainder when 313 is divided by 188.
125
Calculate the remainder when 2319 is divided by 768.
15
What is the remainder when 23202 is divided by 17?
14
What is the remainder when 24499 is divided by 51?
19
Calculate the remainder when 354475 is divided by 92.
91
What is the remainder when 501247 is divided by 250?
247
What is the remainder when 4886 is divided by 1623?
17
What is the remainder when 56258 is divided by 661?
73
What is the remainder when 303 is divided by 59?
8
What is the remainder when 1089288 is divided by 386?
382
Calculate the remainder when 7688 is divided by 36.
20
What is the remainder when 1176 is divided by 1160?
16
Calculate the remainder when 29133 is divided by 51.
12
Calculate the remainder when 263 is divided by 56.
39
What is the remainder when 223941 is divided by 14?
11
What is the remainder when 10384 is divided by 14?
10
What is the remainder when 3538 is divided by 606?
508
Calculate the remainder when 14982 is divided by 827.
96
What is the remainder when 224040 is divided by 134?
126
What is the remainder when 2149 is divided by 18?
7
What is the remainder when 7589 is divided by 1894?
13
Calculate the remainder when 530802 is divided by 135.
117
Calculate the remainder when 4615 is divided by 2245.
125
What is the remainder when 207 is divided by 98?
11
What is the remainder when 23243 is divided by 302?
291
What is the remainder when 1892 is divided by 179?
102
What is the remainder when 6954 is divided by 520?
194
Calculate the remainder when 3578 is divided by 277.
254
Calculate the remainder when 40471 is divided by 40459.
12
Calculate the remainder when 1273 is divided by 410.
43
What is the remainder when 3167422 is divided by 26?
24
What is the remainder when 158338 is divided by 30?
28
What is the remainder when 143637 is divided by 684?
681
What is the remainder when 603782 is divided by 35?
32
What is the remainder when 1677 is divided by 22?
5
Calculate the remainder when 93499 is divided by 371.
7
What is the remainder when 3867413 is divided by 12?
5
Calculate the remainder when 1382 is divided by 173.
171
Calculate the remainder when 16265 is divided by 319.
315
What is the remainder when 442008 is divided by 10279?
11
What is the remainder when 311858 is divided by 55?
8
Calculate the remainder when 8279 is divided by 259.
250
Calculate the remainder when 4646 is divided by 952.
838
What is the remainder when 3851532 is divided by 433?
430
Calculate the remainder when 27873 is divided by 6779.
757
Calculate the remainder when 3519 is divided by 1141.
96
Calculate the remainder when 12581 is divided by 899.
894
What is the remainder when 148812 is divided by 28?
20
What is the remainder when 153994 is divided by 851?
814
Calculate the remainder when 47519 is divided by 34.
21
What is the remainder when 151465 is divided by 4?
1
What is the remainder when 9722 is divided by 688?
90
What is the remainder when 161908 is divided by 1058?
34
What is the remainder when 200587 is divided by 1807?
10
What is the remainder when 9619 is divided by 662?
351
Calculate the remainder when 558 is divided by 272.
14
Calculate the remainder when 63439 is divided by 159.
157
What is the remainder when 24741 is divided by 164?
141
What is the remainder when 41471 is divided by 585?
521
What is the remainder when 120148 is divided by 3161?
30
What is the remainder when 48901 is divided by 24422?
57
Calculate the remainder when 3047 is divided by 673.
355
What is the remainder when 9417 is divided by 339?
264
Calculate the remainder when 21002 is divided by 1499.
16
Calculate the remainder when 67981 is divided by 1658.
3
What is the remainder when 76329 is divided by 208?
201
Calculate the remainder when 1011 is divided by 597.
414
What is the remainder when 5466 is divided by 7?
6
Calculate the remainder when 16586826 is divided by 19.
16
What is the remainder when 148940 is divided by 37234?
4
Calculate the remainder when 2784 is divided by 108.
84
What is the remainder when 10837124 is divided by 675?
674
Calculate the remainder when 206354 is divided by 422.
418
Calculate the remainder when 112093 is divided by 28023.
1
Calculate the remainder when 134240 is divided by 244.
40
Calculate the remainder when 415843 is divided by 6.
1
Calculate the remainder when 4684 is divided by 736.
268
Calculate the remainder when 56396 is divided by 188.
184
Calculate the remainder when 1664 is divided by 64.
0
Calculate the remainder when 2287 is divided by 328.
319
What is the remainder when 416692 is divided by 70?
52
What is the remainder when 12592 is divided by 388?
176
What is the remainder when 1021 is divided by 68?
1
Calculate the remainder when 52464 is divided by 1943.
3
What is the remainder when 27466 is divided by 241?
233
What is the remainder when 54412 is divided by 80?
12
What is the remainder when 1090955 is divided by 458?
457
What is the remainder when 261979 is divided by 9?
7
What is the remainder when 1701 is divided by 835?
31
Calculate the remainder when 22148 is divided by 80.
68
What is the remainder when 8879 is divided by 38?
25
Calculate the remainder when 1220143 is divided by 406706.
25
Calculate the remainder when 2799 is divided by 22.
5
Calculate the remainder when 7423 is divided by 414.
385
Calculate the remainder when 9773 is divided by 100.
73
Calculate the remainder when 58760 is divided by 498.
494
What is the remainder when 618672 is divided by 749?
747
What is the remainder when 246539 is divided by 128?
11
What is the remainder when 32091 is divided by 66?
15
What is the remainder when 1608808 is divided by 1645?
1643
Calculate the remainder when 6895 is divided by 215.
15
What is the remainder when 1438 is divided by 368?
334
Calculate the remainder when 29105 is divided by 11.
10
What is the remainder when 1321 is divided by 61?
40
What is the remainder when 1654002 is divided by 36?
18
Calculate the remainder when 307202 is divided by 6.
2
What is the remainder when 46490 is divided by 14?
10
What is the remainder when 2094 is divided by 2029?
65
What is the remainder when 3257647 is divided by 388?
387
What is the remainder when 51934 is divided by 17181?
391
Calculate the remainder when 2754 is divided by 40.
34
What is the remainder when 549 is divided by 453?
96
What is the remainder when 2218 is divided by 33?
7
Calculate the remainder when 66389 is divided by 609.
8
Calculate the remainder when 13791 is divided by 19.
16
Calculate the remainder when 4216 is divided by 41.
34
Calculate the remainder when 1363 is divided by 99.
76
Calculate the remainder when 2184 is divided by 17.
8
What is the remainder when 25295 is divided by 372?
371
Calculate the remainder when 10858 is divided by 167.
3
Calculate the remainder when 2053 is divided by 626.
175
What is the remainder when 3604 is divided by 851?
200
Calculate the remainder when 1284753 is divided by 27.
12
What is the remainder when 27665 is divided by 837?
44
What is the remainder when 64768 is divided by 649?
517
What is the remainder when 254 is divided by 150?
104
What is the remainder when 141557 is divided by 21?
17
What is the remainder when 7028 is divided by 1259?
733
What is the remainder when 641940 is divided by 383?
32
What is the remainder whe